{"id":55,"date":"2014-11-27T08:01:54","date_gmt":"2014-11-27T08:01:54","guid":{"rendered":"http:\/\/localhost\/wordpress\/?page_id=55"},"modified":"2018-12-07T14:01:00","modified_gmt":"2018-12-07T14:01:00","slug":"technical-sessions","status":"publish","type":"page","link":"https:\/\/iot-conference.org\/iot2015\/technical-sessions\/","title":{"rendered":"Technical Sessions"},"content":{"rendered":"<h3>Day 1,&nbsp; Oct.26, Monday.<\/h3>\n<p>&nbsp;<\/p>\n<h4 style=\"text-align: left\">Architecture and System Design 1<\/h4>\n<h5 style=\"text-align: right\">Session chair: Prof. Jin Mitsugi<\/h5>\n<table>\n<tbody>\n<tr>\n<td width=\"113\">11:00 ~ 11:30<\/td>\n<td width=\"488\"><strong>Design of RFID Outdoor Localization System<\/strong><br \/>\nLukas Vojtech, Marek Neruda, Jiri Skapa, Jiri Novotny, Radoslav Bortel, and Tomas Korinek&nbsp;(Czech Technical University in Prague, Czech Rep.)<\/td>\n<\/tr>\n<tr>\n<td width=\"113\">11:30 ~ 12:00<\/td>\n<td width=\"488\"><strong>Cyber-Physical Systems as the technical foundation for problem solutions in manufacturing, logistics and Supply Chain Management<\/strong><br \/>\nChristoph Kl\u00f6tzer and&nbsp;Alexander Pflaum (University of Bamberg, Germany)<\/td>\n<\/tr>\n<\/tbody>\n<\/table>\n<h4 style=\"text-align: left\">Security<\/h4>\n<h5 style=\"text-align: right\">Session chair: Prof. Jin Mitsugi<\/h5>\n<table>\n<tbody>\n<tr>\n<td width=\"113\">12:00 ~ 12:30<\/td>\n<td width=\"488\"><strong>Practical Security Analysis for the Constrained Node Networks: Focusing on the DTLS Protocol<\/strong><br \/>\nJiyong Han, Minkeun Ha, and Daeyoung Kim (KAIST, Korea)<\/td>\n<\/tr>\n<tr>\n<td width=\"113\">12:30 ~ 13:00<\/td>\n<td width=\"488\"><strong>Secure and Low-Power Authentication for Resource-Constrained Devices<\/strong><br \/>\nMohit Sethi (Ericsson Research, Finland), Pranvera Korto<em>\u00e7<\/em>i, Mario Di Francesco, and Tuomas Aura (Aalto University, Finland)<\/td>\n<\/tr>\n<\/tbody>\n<\/table>\n<h4>&nbsp;Application &amp; Services<\/h4>\n<h5 style=\"text-align: right\">Session chair: Dr. Alexander Ilic<\/h5>\n<table>\n<tbody>\n<tr>\n<td width=\"113\">14:00 ~ 14:30<\/td>\n<td width=\"488\"><strong>Conversations with Connected Vehicles<\/strong><br \/>\nSimon Mayer (ETH Zurich, Switzerland) and Josh Siegel (MIT, USA)<\/td>\n<\/tr>\n<tr>\n<td width=\"113\">14:30 ~ 15:00<\/td>\n<td width=\"488\"><strong>Bringing Online Shopping Experience to Offline Retail through Augmented Reality and RFID<\/strong><br \/>\nZulqarnain Rashid, Enric Peig, and Rafael Pous (Universitat Pompeu Fabra, Spain)<\/td>\n<\/tr>\n<\/tbody>\n<\/table>\n<h4>Semantic Web Technologies 1<\/h4>\n<h5 style=\"text-align: right\">Session chair: Dr. Minkeun Ha<\/h5>\n<table>\n<tbody>\n<tr>\n<td width=\"113\">15:00 ~ 15:30<\/td>\n<td width=\"488\"><strong>Practical Semantics for the Internet of Things: Physical States, Device Mashups, and Open Questions<\/strong><br \/>\nMatthias Kovatsch, Yassin N. Hassan (ETH Zurich, Switzerland), and Simon Mayer (Siemens, USA)<\/td>\n<\/tr>\n<tr>\n<td width=\"113\">15:30 ~ 16:00<\/td>\n<td width=\"488\"><strong>Run-Time knowledge model enrichment in SWoT: A step toward ambient services selection relevancy<\/strong><br \/>\nG\u00e9rald Rocher,&nbsp;Jean-Yves Tigli,&nbsp;St\u00e9phane Lavirotte (Universit\u00e9 Nice Sophia Antipolis, France),&nbsp;Rahma Daikhi (ESPRIT University, Tunisia)<\/td>\n<\/tr>\n<\/tbody>\n<\/table>\n<h4>Optimization<\/h4>\n<h5 style=\"text-align: right\">Session chair: Prof. Alexander August Pflaum<\/h5>\n<table>\n<tbody>\n<tr>\n<td width=\"113\">16:30 ~ 17:00<\/td>\n<td width=\"488\"><strong>Optimal Processing Node Discovery Algorithm for Distributed Computing in IoT<\/strong><br \/>\nRoman Kolcun,&nbsp;David Boyle,&nbsp;Julie A. McCann (Imperial College London, UK)<\/td>\n<\/tr>\n<tr>\n<td width=\"113\">17:00 ~ 17:30<\/td>\n<td width=\"488\"><strong>Optimizations for RFID-based IoT applications on the Cloud<\/strong><br \/>\nHoang Minh Nguyen, Seong Hoon Kim, Dinh Tuan Le, Sehyeon Heo, Janggwan Im, and Daeyoung Kim (KAIST, Korea)<\/td>\n<\/tr>\n<\/tbody>\n<\/table>\n<hr>\n<p>&nbsp;<\/p>\n<h3>Day 2,&nbsp; Oct.27, Tuesday.<\/h3>\n<p>&nbsp;<\/p>\n<h4>Hardware &amp; Network<\/h4>\n<h5 style=\"text-align: right\">Session chair: Prof. Junyu Wang<\/h5>\n<table>\n<tbody>\n<tr>\n<td width=\"113\">10:30 ~ 11:00<\/td>\n<td width=\"488\"><strong>Gateway Selection in Capillary Networks<\/strong><br \/>\nNicklas Beijar, Oscar Novo, Jaime Jim\u00e9nez, and Jan Melen (Ericsson Research, Finland)<\/td>\n<\/tr>\n<tr>\n<td width=\"113\">11:00 ~ 11:30<\/td>\n<td width=\"488\"><strong>A Fully Logic CMOS Compatible Non-Volatile Memory for Low Power IoT Applications<\/strong><br \/>\nYu Wang, Junhui Xiang, Xianliang Chen, Tao Yang, Na Yan, and Hao Min&nbsp;(Fudan University, China)<\/td>\n<\/tr>\n<tr>\n<td width=\"113\">11:30 ~ 12:00<\/td>\n<td width=\"488\"><strong>Sensing WiFi Network for Personal IoT Analytics<\/strong><br \/>\nUtku G\u00fcnay Acer, Aidan Boran, Claudio Forlivesi, Werner Liekens, Fernando P\u00e9rez-cruz, and Fahim Kawsar (Bell Labs, Belgium)<\/td>\n<\/tr>\n<\/tbody>\n<\/table>\n<h4>Architecture and System Design 2<\/h4>\n<h5 style=\"text-align: right\">Session chair: Dr. Markus Jung<\/h5>\n<table>\n<tbody>\n<tr>\n<td width=\"113\">13:00 ~ 13:30<\/td>\n<td width=\"488\"><strong>Ambient Flow: A Visual Approach for Remixing the Internet of Things<\/strong><br \/>\nDarren Carlson (National University of Singapore, Singapore), Matthias M\u00f6gerle (University of Stuttgart, Germany),&nbsp;Max Pagel,&nbsp;Shivam Verma,&nbsp;and David S. Rosenblum (National University of Singapore, Singapore)<\/td>\n<\/tr>\n<tr>\n<td width=\"113\">13:30 ~ 14:00<\/td>\n<td width=\"488\"><strong>Software-defined Environment for Reconfigurable Manufacturing Systems<\/strong><br \/>\nNaresh Ganesh Nayak, Frank D\u00fcrr, and Kurt Rothermel (University of Stuttgart, Germany)<\/td>\n<\/tr>\n<\/tbody>\n<\/table>\n<h4>Semantic Web Technologies 2<\/h4>\n<h5 style=\"text-align: right\">Session chair: Dr. Markus Jung<\/h5>\n<table>\n<tbody>\n<tr>\n<td width=\"113\">14:00 ~ 14:30<\/td>\n<td width=\"488\"><strong>Semantic Annotation Engine for Smart Grid Applications<\/strong><br \/>\nRalf Mosshammer, Alfred Einfalt and Andreas Lugmaier (Siemens, Austria),&nbsp;Jack Hodges, and Florian Michahelles (Siemens, USA)<\/td>\n<\/tr>\n<tr>\n<td width=\"113\">14:30 ~ 15:00<\/td>\n<td width=\"488\"><strong>An Ontology Design Pattern for IoT Device Tagging Systems<\/strong><br \/>\nVictor Charpenay, Sebastian K\u00e4bisch, Darko Anicic (Siemens AG, Austria), and Harald Kosch&nbsp;(Universit\u00e4t Passau, Germany)<\/td>\n<\/tr>\n<\/tbody>\n<\/table>\n<hr>\n<p>&nbsp;<\/p>\n<h3>Day 3,&nbsp; Oct.28, Wednesday.<\/h3>\n<p>&nbsp;<\/p>\n<h4>Architecture and System Design 3<\/h4>\n<h5 style=\"text-align: right\">Session chair: Dr. Matthias Kovatsch<\/h5>\n<table>\n<tbody>\n<tr>\n<td width=\"113\">10:30 ~ 11:00<\/td>\n<td width=\"488\"><strong>A Connective Fabric for Bridging Internet of Things Silos<\/strong><br \/>\nSimon Mayer, Erik Wilde, and Florian Michahelles (Siemens, USA)<\/td>\n<\/tr>\n<tr>\n<td width=\"113\">11:00 ~ 11:30<\/td>\n<td width=\"488\"><strong>Developing IoT Applications in the Fog: a Distributed Dataflow Approach<\/strong><br \/>\nNam Ky Giang, Michael Blackstock, Rodger Lea, Victor C.M. Leung (University of British Columbia, Canada)<\/td>\n<\/tr>\n<tr>\n<td width=\"113\">11:30 ~ 12:00<\/td>\n<td width=\"488\"><strong>IoT-MAP: IoT Mashup Application Platform for the Flexible IoT Ecosystem<\/strong><br \/>\nSehyeon Heo, Sungpil Woo, Janggwan Im, and Daeyoung Kim (KAIST, Korea)<\/td>\n<\/tr>\n<\/tbody>\n<\/table>\n<p>&nbsp;<\/p>\n","protected":false},"excerpt":{"rendered":"<p>Day 1,&nbsp; Oct.26, Monday. &nbsp; Architecture and System Design 1 Session chair: Prof. Jin Mitsugi 11:00 ~ 11:30 Design of RFID Outdoor Localization System Lukas Vojtech, Marek Neruda, Jiri Skapa, Jiri Novotny, Radoslav Bortel, and Tomas Korinek&nbsp;(Czech Technical University in&hellip;  <\/p>\n<p class=\"more-link\"><a href=\"https:\/\/iot-conference.org\/iot2015\/technical-sessions\/\">Continue reading <span class=\"meta-nav\">&rarr;<\/span><\/a><\/p>\n","protected":false},"author":2,"featured_media":0,"parent":0,"menu_order":0,"comment_status":"closed","ping_status":"open","template":"","meta":{"footnotes":""},"class_list":["post-55","page","type-page","status-publish","hentry"],"_links":{"self":[{"href":"https:\/\/iot-conference.org\/iot2015\/wp-json\/wp\/v2\/pages\/55","targetHints":{"allow":["GET"]}}],"collection":[{"href":"https:\/\/iot-conference.org\/iot2015\/wp-json\/wp\/v2\/pages"}],"about":[{"href":"https:\/\/iot-conference.org\/iot2015\/wp-json\/wp\/v2\/types\/page"}],"author":[{"embeddable":true,"href":"https:\/\/iot-conference.org\/iot2015\/wp-json\/wp\/v2\/users\/2"}],"replies":[{"embeddable":true,"href":"https:\/\/iot-conference.org\/iot2015\/wp-json\/wp\/v2\/comments?post=55"}],"version-history":[{"count":1,"href":"https:\/\/iot-conference.org\/iot2015\/wp-json\/wp\/v2\/pages\/55\/revisions"}],"predecessor-version":[{"id":878,"href":"https:\/\/iot-conference.org\/iot2015\/wp-json\/wp\/v2\/pages\/55\/revisions\/878"}],"wp:attachment":[{"href":"https:\/\/iot-conference.org\/iot2015\/wp-json\/wp\/v2\/media?parent=55"}],"curies":[{"name":"wp","href":"https:\/\/api.w.org\/{rel}","templated":true}]}}