{"id":381,"date":"2020-09-11T10:47:51","date_gmt":"2020-09-11T09:47:51","guid":{"rendered":"https:\/\/iot-conference.org\/iot2020\/?page_id=381"},"modified":"2020-11-04T13:02:32","modified_gmt":"2020-11-04T12:02:32","slug":"program","status":"publish","type":"page","link":"https:\/\/iot-conference.org\/iot2020\/program\/","title":{"rendered":"Program"},"content":{"rendered":"\n<div style=\"height:32px\" aria-hidden=\"true\" class=\"wp-block-spacer\"><\/div>\n\n\n\n<h1 class=\"wp-block-heading\">Program<\/h1>\n\n\n\n<p><\/p>\n\n\n\n<blockquote class=\"wp-block-quote is-layout-flow wp-block-quote-is-layout-flow\"><p><strong><span class=\"has-inline-color has-black-color\">Scroll down for a detailed text version below. <\/span><\/strong><br><span class=\"has-inline-color has-black-color\">A printable PDF version is available <\/span><a rel=\"noreferrer noopener\" href=\"http:\/\/iot-conference.org\/iot2020\/wp-content\/uploads\/sites\/8\/2020\/10\/IoT-2020-Program-overview.pdf\" target=\"_blank\"><span class=\"has-inline-color has-vivid-cyan-blue-color\">here<\/span><\/a><span class=\"has-inline-color has-black-color\">.<\/span><\/p><\/blockquote>\n\n\n\n<p><\/p>\n\n\n\n<p class=\"has-text-align-center\"><span class=\"has-inline-color has-vivid-red-color\">All times shown in Central European Summer Time (CEST) \/ UTC +2<\/span><\/p>\n\n\n\n<figure class=\"wp-block-image size-large\"><img loading=\"lazy\" decoding=\"async\" width=\"1024\" height=\"535\" src=\"http:\/\/iot-conference.org\/iot2020\/wp-content\/uploads\/sites\/8\/2020\/10\/2020-program-e1601590674605-1024x535.jpg\" alt=\"program overview\" class=\"wp-image-630\" srcset=\"https:\/\/iot-conference.org\/iot2020\/wp-content\/uploads\/sites\/8\/2020\/10\/2020-program-e1601590674605-1024x535.jpg 1024w, https:\/\/iot-conference.org\/iot2020\/wp-content\/uploads\/sites\/8\/2020\/10\/2020-program-e1601590674605-300x157.jpg 300w, https:\/\/iot-conference.org\/iot2020\/wp-content\/uploads\/sites\/8\/2020\/10\/2020-program-e1601590674605-768x401.jpg 768w, https:\/\/iot-conference.org\/iot2020\/wp-content\/uploads\/sites\/8\/2020\/10\/2020-program-e1601590674605-1536x802.jpg 1536w, https:\/\/iot-conference.org\/iot2020\/wp-content\/uploads\/sites\/8\/2020\/10\/2020-program-e1601590674605.jpg 1920w\" sizes=\"auto, (max-width: 1024px) 100vw, 1024px\" \/><\/figure>\n\n\n\n<div style=\"height:100px\" aria-hidden=\"true\" class=\"wp-block-spacer\"><\/div>\n\n\n\n<div class=\"wp-block-group\"><div class=\"wp-block-group__inner-container is-layout-flow wp-block-group-is-layout-flow\">\n<h2 class=\"wp-block-heading\">October 5, 2020<\/h2>\n\n\n\n<h3 class=\"wp-block-heading\"><strong>15:00 \u2013 18:00<span class=\"has-inline-color has-white-color\"> ___<\/span> Tutorials<\/strong> (in parallel)<\/h3>\n\n\n\n<ul class=\"wp-block-list\"><li><strong><em><a href=\"http:\/\/people.aifb.kit.edu\/co1683\/2020\/iot-tutorial\/\"><span class=\"has-inline-color has-vivid-cyan-blue-color\">Distributed Knowledge Graphs for the Web of Things<\/span><\/a><\/em><\/strong><a href=\"https:\/\/mau-se.zoom.us\/j\/66913789287\"><span class=\"has-inline-color has-vivid-cyan-blue-color\"><\/span><\/a><\/li><li><strong><em><a href=\"https:\/\/www.iotsense.com\/events\/acm-iot-tutorial\"><span class=\"has-inline-color has-vivid-cyan-blue-color\">Internet of Things Systems: A Reconnaissance Flyover<\/span><\/a><\/em><\/strong><\/li><\/ul>\n\n\n\n<hr class=\"wp-block-separator\" \/>\n\n\n\n<h2 class=\"wp-block-heading\">October 6, 2020<\/h2>\n\n\n\n<h3 class=\"wp-block-heading\"><strong>09:00 \u2013 13:00 <span class=\"has-inline-color has-white-color\">___ <\/span>Workshop<\/strong><\/h3>\n\n\n\n<p><strong><a href=\"https:\/\/easychair.org\/cfp\/IoT4Emergency\"><span class=\"has-inline-color has-vivid-cyan-blue-color\">Internet of Things for Emergency Management (IoT4Emergency)<\/span><\/a><\/strong><\/p>\n\n\n\n<div style=\"height:20px\" aria-hidden=\"true\" class=\"wp-block-spacer\"><\/div>\n\n\n\n<h3 class=\"wp-block-heading\"><span class=\"has-inline-color has-black-color\"><strong>10:00 \u2013 12:00<\/strong><\/span><span class=\"has-inline-color has-white-color\"><strong>___ <\/strong><\/span><span class=\"has-inline-color has-black-color\"><strong>Workshop<\/strong><\/span><\/h3>\n\n\n\n<p><strong><a href=\"https:\/\/easychair.org\/cfp\/iothsa2020\"><span class=\"has-inline-color has-vivid-cyan-blue-color\">IoT-based Health Services and Applications (IoT-HSA-2020)<\/span><\/a><\/strong><\/p>\n\n\n\n<div style=\"height:20px\" aria-hidden=\"true\" class=\"wp-block-spacer\"><\/div>\n\n\n\n<h3 class=\"wp-block-heading\"><strong>14:00 \u2013 17:00<span class=\"has-inline-color has-white-color\"> ___<\/span> Industry Day<\/strong><\/h3>\n\n\n\n<blockquote class=\"wp-block-quote is-layout-flow wp-block-quote-is-layout-flow\"><p><span class=\"has-inline-color has-black-color\"><strong>Guest speakers<\/strong> and <strong>demonstrations<\/strong> from IoT companies in southern Sweden. <br>More detailed information is available on the<\/span> <a href=\"https:\/\/iot-conference.org\/iot2020\/industry-day\/\"><strong><span class=\"has-inline-color has-vivid-cyan-blue-color\">Industry Day page<\/span><\/strong><\/a>. <\/p><\/blockquote>\n\n\n\n<p><span class=\"has-inline-color has-black-color\"><strong>14:00 \u2013 15:00  Session 1: Infrastructure and Communication for IoT<\/strong><\/span><\/p>\n\n\n\n<p><span class=\"has-inline-color has-black-color\"><strong>15:15 \u2013 15:35  Demos: Industry partner solutions (in parallel) \u2014 First demonstration<\/strong><\/span><\/p>\n\n\n\n<p><span class=\"has-inline-color has-black-color\"><strong>15:45 \u2013 16:00  Demos: Industry partner solutions (in parallel) \u2014 Repeat demonstration<\/strong><\/span><\/p>\n\n\n\n<p><span class=\"has-inline-color has-black-color\"><strong>16:00 \u2013 17:00  Session 2: Experience reports from IoT development and deployment<\/strong><\/span><\/p>\n\n\n\n<div style=\"height:20px\" aria-hidden=\"true\" class=\"wp-block-spacer\"><\/div>\n\n\n\n<h3 class=\"wp-block-heading\"><strong>14:00 \u2013 18:00<span class=\"has-inline-color has-white-color\"> ___ <\/span>Workshop<\/strong><\/h3>\n\n\n\n<p><strong><a href=\"https:\/\/sites.google.com\/view\/human-ml\/home\"><span class=\"has-inline-color has-vivid-cyan-blue-color\">Human-Machine Learning Interaction Design: Challenges and Opportunities<\/span><\/a><\/strong><\/p>\n\n\n\n<hr class=\"wp-block-separator\" \/>\n<\/div><\/div>\n\n\n\n<div class=\"wp-block-group\"><div class=\"wp-block-group__inner-container is-layout-flow wp-block-group-is-layout-flow\">\n<h2 class=\"wp-block-heading\">October 7, 2020<\/h2>\n\n\n\n<h3 class=\"wp-block-heading\"><strong>12:00 \u2013 12:10<span class=\"has-inline-color has-white-color\"><strong> <strong>___<\/strong><\/strong> <\/span>Welcome<\/strong> (Official opening at 14:40) <\/h3>\n\n\n\n<div style=\"height:20px\" aria-hidden=\"true\" class=\"wp-block-spacer\"><\/div>\n\n\n\n<h3 class=\"wp-block-heading\"><strong>12:10 \u2013 13:10<strong> <span class=\"has-inline-color has-white-color\">___<\/span><\/strong><\/strong> <strong>Artificial Intelligence, Machine Learning<\/strong><\/h3>\n\n\n\n<p><span class=\"has-inline-color has-black-color\"><strong>Session chair:<\/strong> Mohan Kumar<\/span><\/p>\n\n\n\n<ul class=\"wp-block-list\"><li><span class=\"has-inline-color has-black-color\"><em><strong>Natural Language Goal Understanding for Smart Home Environments<\/strong><\/em><\/span><br><strong><span class=\"has-inline-color has-vivid-red-color\">* * Candidate for Best Paper Award * *<\/span><\/strong><span class=\"has-inline-color has-black-color\"><br>Mahda Noura, Sebastian Heil, Martin Gaedke<\/span><\/li><li><span class=\"has-inline-color has-black-color\"><em><strong>RCE-NN: A Five-stages Pipeline to Execute CNNs on Resource-constrained Edge Devices<\/strong><\/em><br>Bharath Sudharsan, John G. Breslin, Muhammad Intizar Ali<\/span><\/li><li><span class=\"has-inline-color has-black-color\"><em><strong>Information-Driven Adaptive Sensing Based on Deep Reinforcement Learning<\/strong><\/em><br>Abdulmajid Murad, Frank Alexander Kraemer, Kerstin Bach, Gavin Taylor<\/span><\/li><\/ul>\n\n\n\n<div style=\"height:20px\" aria-hidden=\"true\" class=\"wp-block-spacer\"><\/div>\n\n\n\n<h3 class=\"wp-block-heading\"><strong>13:10 \u2013 13:25 <span class=\"has-inline-color has-white-color\">___<\/span> Break time<\/strong> <\/h3>\n\n\n\n<div style=\"height:20px\" aria-hidden=\"true\" class=\"wp-block-spacer\"><\/div>\n\n\n\n<h3 class=\"wp-block-heading\"><strong>13:25 \u2013 14:25 <span class=\"has-inline-color has-white-color\">___<\/span> Energy Conservation<\/strong><\/h3>\n\n\n\n<p><span class=\"has-inline-color has-black-color\"><strong>Session chair:<\/strong> Diego Casado-Mansilla<\/span><\/p>\n\n\n\n<ul class=\"wp-block-list\"><li><span class=\"has-inline-color has-black-color\"><em><strong>Nano-Things: Pushing Sleep Current Consumption to the Limits in IoT Platforms<\/strong><\/em><br>Giannis Kazdaridis, Nikos Sidiropoulos, Ioannis Zografopoulos, Polychronis Symeonidis, Thanasis Korakis<\/span><\/li><li><span class=\"has-inline-color has-black-color\"><em><strong>Evaluation of Selected Technologies for the Implementation of Meter Data Management System<\/strong><\/em><br>Petar Krivic, Emanuel Guberovic, Igor Cavrak, Ivana Podnar Zarko<\/span><\/li><li><span class=\"has-inline-color has-black-color\"><em><strong>Analysis of Energy Consumption in a Precision Beekeeping System<\/strong><\/em><br>Hugo Hadjur, Doreid Ammar, Laurent Lefevre<\/span><\/li><\/ul>\n\n\n\n<div style=\"height:20px\" aria-hidden=\"true\" class=\"wp-block-spacer\"><\/div>\n\n\n\n<h3 class=\"wp-block-heading\"><strong>14:25 \u2013 14:40 <span class=\"has-inline-color has-white-color\">___<\/span> Break time<\/strong><\/h3>\n\n\n\n<div style=\"height:20px\" aria-hidden=\"true\" class=\"wp-block-spacer\"><\/div>\n\n\n\n<h3 class=\"wp-block-heading\"><strong>14:40 \u2013 15:00 <span class=\"has-inline-color has-white-color\">___<\/span> Official Opening<\/strong><\/h3>\n\n\n\n<div style=\"height:20px\" aria-hidden=\"true\" class=\"wp-block-spacer\"><\/div>\n\n\n\n<h3 class=\"has-black-color has-text-color has-medium-font-size wp-block-heading\"><strong><span class=\"has-inline-color has-black-color\">15:00 \u2013 15:50 <\/span><span class=\"has-inline-color has-white-color\">___<\/span><span class=\"has-inline-color has-black-color\"> Keynote:   Professor Schahram Dustdar<\/span><\/strong><\/h3>\n\n\n\n<p><span class=\"has-inline-color has-black-color\"><strong>Session chair:<\/strong> Romina Spalazzese<\/span><\/p>\n\n\n\n<blockquote class=\"wp-block-quote is-layout-flow wp-block-quote-is-layout-flow\"><p><em><strong><span class=\"has-inline-color has-black-color\">Edge Intelligence &#8211; Edge Computing and Artificial Intelligence<\/span><\/strong><\/em><br><span class=\"has-inline-color has-black-color\">(Abstract available on the<\/span><strong><span class=\"has-inline-color has-vivid-cyan-blue-color\"> <\/span><a href=\"https:\/\/iot-conference.org\/iot2020\/keynotes\/\"><span class=\"has-inline-color has-vivid-cyan-blue-color\">Keynotes<\/span><\/a><span class=\"has-inline-color has-vivid-cyan-blue-color\"><a href=\"https:\/\/iot-conference.org\/iot2020\/keynotes\/\"> <\/a><\/span><\/strong><span class=\"has-inline-color has-black-color\">page.)<\/span><\/p><\/blockquote>\n\n\n\n<div style=\"height:20px\" aria-hidden=\"true\" class=\"wp-block-spacer\"><\/div>\n\n\n\n<h3 class=\"wp-block-heading\"><strong>15:50 \u2013 16:00 <span class=\"has-inline-color has-white-color\">___<\/span> Break time<\/strong><\/h3>\n\n\n\n<div style=\"height:20px\" aria-hidden=\"true\" class=\"wp-block-spacer\"><\/div>\n\n\n\n<h3 class=\"wp-block-heading\"><strong>16:00 \u2013 17:15 <span class=\"has-inline-color has-white-color\">___<\/span> Demos &amp; Posters<\/strong><\/h3>\n\n\n\n<blockquote class=\"wp-block-quote is-layout-flow wp-block-quote-is-layout-flow\"><p><span class=\"has-inline-color has-vivid-red-color\"><\/span><span class=\"has-inline-color has-black-color\">For complete list of demos and posters, see the <\/span><strong><a href=\"https:\/\/iot-conference.org\/iot2020\/posters-and-demo-sessions\/\"><span class=\"has-inline-color has-vivid-cyan-blue-color\">Posters and Demo Sessions<\/span><\/a><\/strong><span class=\"has-inline-color has-luminous-vivid-orange-color\"> <\/span><span class=\"has-inline-color has-black-color\">page.<\/span><\/p><\/blockquote>\n\n\n\n<hr class=\"wp-block-separator\" \/>\n<\/div><\/div>\n\n\n\n<div class=\"wp-block-group\"><div class=\"wp-block-group__inner-container is-layout-flow wp-block-group-is-layout-flow\">\n<h2 class=\"wp-block-heading\">October 8, 2020<\/h2>\n\n\n\n<h3 class=\"wp-block-heading\"><strong>11:00 \u2013 12:00 <span class=\"has-inline-color has-white-color\">___<\/span> Doctoral Consortium (Closed session)<\/strong><\/h3>\n\n\n\n<div style=\"height:20px\" aria-hidden=\"true\" class=\"wp-block-spacer\"><\/div>\n\n\n\n<h3 class=\"wp-block-heading\"><strong>12:00 \u2013 13:00 <span class=\"has-inline-color has-white-color\">___<\/span> <strong>Artificial Intelligence, Machine Learning<\/strong><\/strong><\/h3>\n\n\n\n<p><span class=\"has-inline-color has-black-color\"><strong>Session chair:<\/strong> Stelios Krinidis<\/span><\/p>\n\n\n\n<ul class=\"wp-block-list\"><li><span class=\"has-inline-color has-black-color\"><em><strong>Fault Detection in Sensors Using Single and Multi-Channel Weighted Convolutional Neural Networks<\/strong><\/em><br>Sumona Mukhopadhyay, Marin Litoiu<\/span><\/li><li><span class=\"has-inline-color has-black-color\"><em><strong>Activity Recognition and User Preference Learning for Automated Configuration of IoT Environments<\/strong><\/em><br>Fahed Alkhabbas, Sadi Alawadi, Romina Spalazzese, Paul Davidsson<\/span><\/li><li><span class=\"has-inline-color has-black-color\"><em><strong>Edge2Train: A Framework to Train Machine Learning Models on Resource Constrained IoT Edge Devices<\/strong><\/em><br>Bharath Sudharshan, John G. Breslin, Muhammad Intizar Ali<\/span><\/li><\/ul>\n\n\n\n<div style=\"height:20px\" aria-hidden=\"true\" class=\"wp-block-spacer\"><\/div>\n\n\n\n<h3 class=\"wp-block-heading\"><strong>13:00 \u2013 13:15 <span class=\"has-inline-color has-white-color\">___<\/span> Break time<\/strong><\/h3>\n\n\n\n<div style=\"height:20px\" aria-hidden=\"true\" class=\"wp-block-spacer\"><\/div>\n\n\n\n<h3 class=\"wp-block-heading\"><strong>13:15 \u2013 14:35 <span class=\"has-inline-color has-white-color\">___<\/span> Engineering IoT Software<\/strong><\/h3>\n\n\n\n<p><span class=\"has-inline-color has-black-color\"><strong>Session chair:<\/strong> Zaheer Khan<\/span><\/p>\n\n\n\n<ul class=\"wp-block-list\"><li><span class=\"has-inline-color has-black-color\"><em><strong>A Distributed Framework to Orchestrate Video Analytics Across Edge and Cloud: A Use Case of Smart Doorbell<\/strong><\/em><br>Tapan Pathak, Vatsal Patel, Sarth Kanani, Shailesh Arya, Pankesh Patel, Muhammad Intizar Ali<\/span><\/li><li><span class=\"has-inline-color has-black-color\"><em><strong>Tiered versus Tierless IoT Stacks: Comparing Smart Campus Software Architectures<\/strong><\/em><br>Mart Lubbers, Pieter Koopman, Adrian Ramsingh, Jeremy Singer, Phil Trinder<\/span><\/li><li><span class=\"has-inline-color has-black-color\"><em><strong>Exploring Smart Home and Internet of Things Technologies for Smart Public Buildings<\/strong><\/em><br>Myriam Guedey, Dieter Uckelmann<\/span><\/li><li><span class=\"has-inline-color has-black-color\"><em><strong>Elastic Resource Management and Network Slicing for IoT over Edge Clouds<\/strong><\/em><br>\u00c1kos Recse, R\u00f3bert Szab\u00f3, Bal\u00e1zs N\u00e9meth<\/span><\/li><\/ul>\n\n\n\n<div style=\"height:20px\" aria-hidden=\"true\" class=\"wp-block-spacer\"><\/div>\n\n\n\n<h3 class=\"wp-block-heading\"><strong>14:35 \u2013 14:50 <span class=\"has-inline-color has-white-color\">___<\/span> Break time<\/strong><\/h3>\n\n\n\n<p><span class=\"has-inline-color has-black-color\">Live Demo: <em><strong>Cloud-based standardized device diagnostics for optimized operability of plants in the process industry<\/strong><\/em><br>Vivart Kapoor, Daniel Haller<\/span><br><\/p>\n\n\n\n<div style=\"height:20px\" aria-hidden=\"true\" class=\"wp-block-spacer\"><\/div>\n\n\n\n<h3 class=\"wp-block-heading\"><strong>14:50 \u2013 15:50 <span class=\"has-inline-color has-white-color\">___<\/span> Networking and Systems Support<\/strong><\/h3>\n\n\n\n<p><span class=\"has-inline-color has-black-color\"><strong>Session chair:<\/strong> Michael Beigl<\/span><\/p>\n\n\n\n<ul class=\"wp-block-list\"><li><span class=\"has-inline-color has-black-color\"><em><strong>Clock Skew-based Physical Authentication Protocol for 802.15.4 IR-UWB Indoor Positioning<\/strong><\/em><\/span><br><strong><span class=\"has-inline-color has-vivid-red-color\">* * Candidate for Best Paper Award * *<\/span><\/strong><br><span class=\"has-inline-color has-black-color\">Baptiste Pestourie, Vincent Beroulle, Nicolas Fourty<\/span> <\/li><li><span class=\"has-inline-color has-black-color\"><em><strong>Bringing Deterministic Industrial Networking to the W3C Web of Things with TSN and OPC UA<\/strong><\/em><\/span><br><span class=\"has-inline-color has-black-color\">Luca Sciullo, Sushmit Bhattacharjee, Matthias Kovatsch<\/span><\/li><li><span class=\"has-inline-color has-black-color\"><em><strong>IoTHound: Environment-agnostic Device Identification and Monitoring<\/strong><\/em><\/span><br><strong><span class=\"has-inline-color has-vivid-red-color\">* * Winner of the IoT 2020 Best Paper Award * *<\/span><\/strong><br><span class=\"has-inline-color has-black-color\">Prashant Anantharaman, Liwei Song, Ioannis Agadakos, Gabriela Ciocarlie, Bogdan Copos, Ulf Lindqvist, Michael Locasto<\/span><\/li><\/ul>\n\n\n\n<div style=\"height:20px\" aria-hidden=\"true\" class=\"wp-block-spacer\"><\/div>\n\n\n\n<h3 class=\"wp-block-heading\"><strong>15:50 \u2013 16:00 <span class=\"has-inline-color has-white-color\">___<\/span> Break time<\/strong><\/h3>\n\n\n\n<div style=\"height:20px\" aria-hidden=\"true\" class=\"wp-block-spacer\"><\/div>\n\n\n\n<h3 class=\"wp-block-heading\"><strong>16:00 \u2013 16:50 <span class=\"has-inline-color has-white-color\">___<\/span> Keynote:   <span class=\"has-inline-color has-black-color\">Professor Diane Cook<\/span><\/strong><\/h3>\n\n\n\n<p><span class=\"has-inline-color has-black-color\"><strong>Session chair: <\/strong>Mohan Kumar<\/span><\/p>\n\n\n\n<blockquote class=\"wp-block-quote is-layout-flow wp-block-quote-is-layout-flow\"><p><span class=\"has-inline-color has-black-color\"><em><strong>Automating Health Assessment and Intervention Using a Digital Twin<\/strong><\/em><\/span><br><span class=\"has-inline-color has-black-color\">(Abstract available on the <\/span><a href=\"https:\/\/iot-conference.org\/iot2020\/keynotes\/\"><strong><span class=\"has-inline-color has-vivid-cyan-blue-color\">Keynotes<\/span><\/strong><\/a><span class=\"has-inline-color has-black-color\"><a href=\"https:\/\/iot-conference.org\/iot2020\/keynotes\/\"> <\/a>page.)<\/span><\/p><\/blockquote>\n\n\n\n<hr class=\"wp-block-separator\" \/>\n<\/div><\/div>\n\n\n\n<div class=\"wp-block-group\"><div class=\"wp-block-group__inner-container is-layout-flow wp-block-group-is-layout-flow\">\n<h2 class=\"wp-block-heading\">October 9, 2020<\/h2>\n\n\n\n<h3 class=\"wp-block-heading\"><strong>12:00 \u2013 13:00 <span class=\"has-inline-color has-white-color\">___<\/span> Networking and Systems Support<\/strong><\/h3>\n\n\n\n<p><span class=\"has-inline-color has-black-color\"><strong>Session chair:<\/strong> Karin Anna Hummel<\/span><\/p>\n\n\n\n<ul class=\"wp-block-list\"><li><span class=\"has-inline-color has-black-color\"><em><strong>R-Bus: A Resource Bus for Modular System Design<\/strong><\/em><\/span><br><span class=\"has-inline-color has-black-color\">Nahit Pawar, Thomas Bourgeau, Hakima Chaouchi<\/span><\/li><li><span class=\"has-inline-color has-black-color\"><em><strong>Deterministic 40 Year Battery Lifetime through a Hybrid Perpetual Sensing Platform (HyPer)<\/strong><\/em><\/span><br><span class=\"has-inline-color has-black-color\">Ashok Samraj Thangarajan, Fan Yang, Wouter Joose, Danny Hughes<\/span><\/li><li><span class=\"has-inline-color has-black-color\"><em><strong>Distributed Data Validation Network in IoT: A Decentralized Validator Selection Model<\/strong><\/em><\/span><br><span class=\"has-inline-color has-black-color\">Mohammed B. M. Kamel, Kevin Wallis, Peter Ligeti, Christoph Reich<\/span><\/li><\/ul>\n\n\n\n<div style=\"height:20px\" aria-hidden=\"true\" class=\"wp-block-spacer\"><\/div>\n\n\n\n<h3 class=\"wp-block-heading\"><strong>13:00 \u2013 13:15 <span class=\"has-inline-color has-white-color\">___<\/span> Break time<\/strong><\/h3>\n\n\n\n<div style=\"height:20px\" aria-hidden=\"true\" class=\"wp-block-spacer\"><\/div>\n\n\n\n<h3 class=\"wp-block-heading\"><strong>13:15 \u2013 14:15 <span class=\"has-inline-color has-white-color\">___<\/span> Security<\/strong><\/h3>\n\n\n\n<p><span class=\"has-inline-color has-black-color\"><strong>Session chair:<\/strong> Jin Nakazawa<\/span><\/p>\n\n\n\n<ul class=\"wp-block-list\"><li><span class=\"has-inline-color has-black-color\"><em><strong>Is Your Home Becoming a Spy? A Data-Centered Analysis and Classification of Smart Connected Home Systems<\/strong><\/em><br>Joseph Bugeja, Andreas Jacobsson, Paul Davidsson<\/span><\/li><li><span class=\"has-inline-color has-black-color\"><em><strong>Lightweight Key Management System for inter-node communication in IoT<\/strong><\/em><br>Li Duan, Lijun Liao, Yong Li<\/span><\/li><li><span class=\"has-inline-color has-black-color\"><em><strong>IoTMap: A protocol-agnostic multi-layer system to detect application patterns in IoT networks<\/strong><\/em><br>Jonathan Tournier, Fran\u00e7ois Lesueur, Fr\u00e9d\u00e9ric Le Mou\u00ebl, Laurent Guyon, Hicham Ben Hassine<\/span><\/li><\/ul>\n\n\n\n<div style=\"height:20px\" aria-hidden=\"true\" class=\"wp-block-spacer\"><\/div>\n\n\n\n<h3 class=\"wp-block-heading\"><strong>14:15 \u2013 14:30 <span class=\"has-inline-color has-white-color\">___<\/span> Break Time<\/strong><\/h3>\n\n\n\n<div style=\"height:20px\" aria-hidden=\"true\" class=\"wp-block-spacer\"><\/div>\n\n\n\n<h3 class=\"wp-block-heading\"><strong>14:30 \u2013 15:10 <span class=\"has-inline-color has-white-color\">___<\/span> Security<\/strong><\/h3>\n\n\n\n<p><span class=\"has-inline-color has-black-color\"><strong>Session chair:<\/strong> Marino Linaje<\/span><\/p>\n\n\n\n<ul class=\"wp-block-list\"><li><span class=\"has-inline-color has-black-color\"><em><strong>Energy Consumption for Securing Lightweight IoT Protocols<\/strong><\/em><br>Pegah Nikbakht Bideh, Jonathan S\u00f6nnerup, Martin Hell<\/span><\/li><li><span class=\"has-inline-color has-black-color\"><em><strong>VibeRing: Using vibrations from a smart ring as an out-of-band channel for sharing secret keys<\/strong><\/em><br><\/span><strong><span class=\"has-inline-color has-vivid-red-color\">* * Candidate for Best Paper Award * *<\/span><\/strong><br><span class=\"has-inline-color has-black-color\">Sougata Sen, David Kotz<\/span><\/li><\/ul>\n\n\n\n<div style=\"height:20px\" aria-hidden=\"true\" class=\"wp-block-spacer\"><\/div>\n\n\n\n<h3 class=\"wp-block-heading\"><strong><span class=\"has-inline-color has-black-color\">15:10 \u2013 15:30 <\/span><span class=\"has-inline-color has-white-color\">___<\/span><span class=\"has-inline-color has-black-color\"> Closing<\/span><\/strong><\/h3>\n\n\n\n<p><span class=\"has-inline-color has-black-color\">The winner of the IoT 2020 Best Paper Award will be announced. The host of IoT 2021 will be presented. <\/span><\/p>\n<\/div><\/div>\n\n\n\n<p><\/p>\n","protected":false},"excerpt":{"rendered":"<p>Program Scroll down for a detailed text version below. A printable PDF version is available here. All times shown in Central European Summer Time (CEST) \/ UTC +2 October 5, &#8230;<\/p>\n","protected":false},"author":4,"featured_media":0,"parent":0,"menu_order":0,"comment_status":"closed","ping_status":"closed","template":"","meta":{"footnotes":""},"class_list":["post-381","page","type-page","status-publish","hentry"],"_links":{"self":[{"href":"https:\/\/iot-conference.org\/iot2020\/wp-json\/wp\/v2\/pages\/381","targetHints":{"allow":["GET"]}}],"collection":[{"href":"https:\/\/iot-conference.org\/iot2020\/wp-json\/wp\/v2\/pages"}],"about":[{"href":"https:\/\/iot-conference.org\/iot2020\/wp-json\/wp\/v2\/types\/page"}],"author":[{"embeddable":true,"href":"https:\/\/iot-conference.org\/iot2020\/wp-json\/wp\/v2\/users\/4"}],"replies":[{"embeddable":true,"href":"https:\/\/iot-conference.org\/iot2020\/wp-json\/wp\/v2\/comments?post=381"}],"version-history":[{"count":132,"href":"https:\/\/iot-conference.org\/iot2020\/wp-json\/wp\/v2\/pages\/381\/revisions"}],"predecessor-version":[{"id":796,"href":"https:\/\/iot-conference.org\/iot2020\/wp-json\/wp\/v2\/pages\/381\/revisions\/796"}],"wp:attachment":[{"href":"https:\/\/iot-conference.org\/iot2020\/wp-json\/wp\/v2\/media?parent=381"}],"curies":[{"name":"wp","href":"https:\/\/api.w.org\/{rel}","templated":true}]}}