{"id":353,"date":"2024-09-06T15:34:23","date_gmt":"2024-09-06T15:34:23","guid":{"rendered":"https:\/\/iot-conference.org\/iot2024\/?page_id=353"},"modified":"2024-11-22T08:40:28","modified_gmt":"2024-11-22T08:40:28","slug":"accepted-papers","status":"publish","type":"page","link":"https:\/\/iot-conference.org\/iot2024\/accepted-papers\/","title":{"rendered":"Accepted Papers"},"content":{"rendered":"\n<h1 class=\"wp-block-heading has-text-color has-link-color wp-elements-adbe10265033d90a6b4c3c727121ab4f\" style=\"color:#1d5188\">Accepted Papers<\/h1>\n\n\n\n<p>You can download the pre-proceedings <a href=\"https:\/\/drive.google.com\/drive\/folders\/1EU2BImicwYmQCwK2BkO925XU8f377VXu?usp=sharing\" target=\"_blank\" rel=\"noreferrer noopener\">here<\/a>.<\/p>\n\n\n\n<h2 class=\"wp-block-heading has-text-color has-link-color wp-elements-95514cd38c527e535ffd561519b01779\" style=\"color:#1d5188\">Conference Papers<\/h2>\n\n\n\n<h5 class=\"wp-block-heading\">A Hardware-Aware and Content-Adaptive Super Resolution System for Bandwidth-Limited IoT Video Delivery<\/h5>\n\n\n\n<p style=\"margin-top: -15px;line-height: 1.25em\">by X. Duan, Z. Zhou, W. Qiu, Z. Shu, Z. Tang, J. Han<\/p>\n\n\n\n<h5 class=\"wp-block-heading\">A Process to Non-invasively Augment Legacy IoT Systems Using Business Processes and Microservices<\/h5>\n\n\n\n<p style=\"margin-top: -15px;line-height: 1.25em\">by R. Seiger, M. Franceschetti, A. Abbad-Andaloussi<\/p>\n\n\n\n<h5 class=\"wp-block-heading\">An eXtended Reality Data Transformation Framework for Internet of Things Devices Integration<\/h5>\n\n\n\n<p style=\"margin-top: -15px;line-height: 1.25em\">by W. Espinal, J. Jimenez, L. Corneo<\/p>\n\n\n\n<h5 class=\"wp-block-heading\"><span style=\"color: #ffc34d\">[Best Paper candidate]<\/span><br>Benchmarking Context-Aware Services for IoT-driven Transportation Systems<\/h5>\n\n\n\n<p style=\"margin-top: -15px;line-height: 1.25em\">by E. Ntallaris, G. Bouloukakis, K. Magoutis<\/p>\n\n\n\n<h5 class=\"wp-block-heading\">Certificateless Data Auditing Scheme for Fog-CPSs with Audit Verification<\/h5>\n\n\n\n<p style=\"margin-top: -15px;line-height: 1.25em\">by R. Mistri, S. Srivastava, J. Alam, S. Mayti<\/p>\n\n\n\n<h5 class=\"wp-block-heading\">Data Quality as a Service Framework for AI-Enabled Industrial Internet of Things<\/h5>\n\n\n\n<p style=\"margin-top: -15px;line-height: 1.25em\">by A. Goknil, P. Nguyen, E. Husom, S. Sen, S. Tverdal, F. Peysson, D. Politai, R. Gonz\u00e1lez<\/p>\n\n\n\n<h5 class=\"wp-block-heading\">Enabling IoT-enhanced Data Models for Context-aware Hydropower Plants<\/h5>\n\n\n\n<p style=\"margin-top: -15px;line-height: 1.25em\">by N. Papadakis, G. Bouloukakis, K. Magoutis<\/p>\n\n\n\n<h5 class=\"wp-block-heading\"><span style=\"color: #ffc34d\">[Best Paper Award]<\/span><br>GoldFish: Serverless Actors with Short-Term Memory State for the Edge-Cloud Continuum<\/h5>\n\n\n\n<p style=\"margin-top: -15px;line-height: 1.25em\">by C. Marcelino, S. Nastic, J. Shahhoud<\/p>\n\n\n\n<h5 class=\"wp-block-heading\">How do IoT Solutions Enable Circular Economy Business Models?<\/h5>\n\n\n\n<p style=\"margin-top: -15px;line-height: 1.25em\">by E. Hatara, L. Saari<\/p>\n\n\n\n<h5 class=\"wp-block-heading\">RetroWoT: A Method to Integrate Brownfield Devices in the Web of Things<\/h5>\n\n\n\n<p style=\"margin-top: -15px;line-height: 1.25em\">by R. Dorsch, M. Freund, K. Arevalo, A. Harth<\/p>\n\n\n\n<h5 class=\"wp-block-heading\"><span style=\"color: #ffc34d\">[Best Paper Candidate]<\/span><br>Sailing Through Data: Automated Data Annotation Systems for Machine Learning Applications in Maritime Navigation<\/h5>\n\n\n\n<p style=\"margin-top: -15px;line-height: 1.25em\">by P. Viblid, J. Hernandez, D. Kim<\/p>\n\n\n\n<h5 class=\"wp-block-heading\">SEAL-CC: Scalable Latency Evaluation Methodology for Internet-of-Things Services<\/h5>\n\n\n\n<p style=\"margin-top: -15px;line-height: 1.25em\">by K. Horvath, D. Kimovski, B. Spiess, O. Hohlfeld, R. Prodan<\/p>\n\n\n\n<h5 class=\"wp-block-heading\">Sensor-Guided Adaptive Machine Learning on Resource-Constrained Devices<\/h5>\n\n\n\n<p style=\"margin-top: -15px;line-height: 1.25em\">by F. Papst, D. Kraus, M. Rechberger, O. Saukh<\/p>\n\n\n\n<h5 class=\"wp-block-heading\">Smart Trash Can: Image Classification and Segmentation for Waste Quality Management in the Home<\/h5>\n\n\n\n<p style=\"margin-top: -15px;line-height: 1.25em\">by F. Wolling, G. Pal, L. Larcher, F. Michahelles<\/p>\n\n\n\n<h5 class=\"wp-block-heading\">Towards Adaptive Asynchronous Federated Learning for Human Activity Recognition<\/h5>\n\n\n\n<p style=\"margin-top: -15px;line-height: 1.25em\">by R. Gajanin, A. Danilenka, A. Morichetta, S. Nastic<\/p>\n\n\n\n<h5 class=\"wp-block-heading\">UtiliGEM: Energy Management Guided by Learned Application Utility<\/h5>\n\n\n\n<p style=\"margin-top: -15px;line-height: 1.25em\">by H. Asad, F. Kraemer, K. Bach, B. Renner<\/p>\n\n\n\n<h2 class=\"wp-block-heading has-text-color has-link-color wp-elements-9b1d6ba193e4633482765d77be0a7ae4\" id=\"posters-and-demos\" style=\"color:#1d5188\">Poster &amp; Demo Papers (11)<\/h2>\n\n\n\n<h5 class=\"wp-block-heading\">[POSTER] AI-powered smart toys: interactive friends or surveillance devices?<\/h5>\n\n\n\n<p style=\"margin-top: -15px;line-height: 1.25em\">by Valentyna Pavliv, Nima Akbari and Isabel Wagner (University of Basel)<\/p>\n\n\n\n<h5 class=\"wp-block-heading\"><span style=\"color: #ffc34d\">[Best Poster Award]<\/span><br>[POSTER] BitTorrent-based Gossip Learning<\/h5>\n\n\n\n<p style=\"margin-top: -15px;line-height: 1.25em\">by Oskar Carl and Torben Weis (University of Duisburg-Essen)<\/p>\n\n\n\n<h5 class=\"wp-block-heading\">[Poster] Generating data of an absent sensor from correlated sources<\/h5>\n\n\n\n<p style=\"margin-top: -15px;line-height: 1.25em\">by Quoc Quang Ngo, Juli\u00e1n Jer\u00f3nimo Ba\u00f1uelos and Stephan Sigg (Aalto University)<\/p>\n\n\n\n<h5 class=\"wp-block-heading\">[Poster] On the Challenge of Generating Multivariate Time Series Data from Distributed Sensors in IoT-enabled Scenarios<\/h5>\n\n\n\n<p style=\"margin-top: -15px;line-height: 1.25em\">by Juli\u00e1n Jer\u00f3nimo Ba\u00f1uelos, Jose Costa-Requena (Aalto University), Jiayuan He (RMIT University), Flora D. Salim (University of New South Wales) and Stephan Sigg (Aalto University)<\/p>\n\n\n\n<h5 class=\"wp-block-heading\">[Poster] Road Network-based Vehicle Trajectory Imputation via Generative Adversarial Network<\/h5>\n\n\n\n<p style=\"margin-top: -15px;line-height: 1.25em\">by Yichen Shi, Tianlong Zhou, Peiyuan Yin, Zhongyu Wang and Weixiong Rao (Tongji University)<\/p>\n\n\n\n<h5 class=\"wp-block-heading\">[Poster] Rotation-invariant Gesture Recognition Using mmWave Radar Point clouds<\/h5>\n\n\n\n<p style=\"margin-top: -15px;line-height: 1.25em\">by Alena Alferova, Nhu Nguyen, Arthur Aspelin, Inka Mattila, Juho Sillanp\u00e4\u00e4, Hannah Terborg and Stephan Sigg (Aalto University)<\/p>\n\n\n\n<h5 class=\"wp-block-heading\">[Demo] A Context-aware Conversational Interface for Controlling Internet-of-Things Devices<\/h5>\n\n\n\n<p style=\"margin-top: -15px;line-height: 1.25em\">by Zhou Gui (Friedrich-Alexander-Universit\u00e4t), Michael Freund (Fraunhofer IIS) and Andreas Harth (Friedrich-Alexander-Universit\u00e4t)<\/p>\n\n\n\n<h5 class=\"wp-block-heading\">[Demo] A digital twin concept to prototype multi-drone based applications<\/h5>\n\n\n\n<p style=\"margin-top: -15px;line-height: 1.25em\">by David Carrami\u00f1ana, Lucas Rey Braga, Ana M. Bernardos, Andrzej D. Dobrzycki, Luca Bergesio, Juan A. Besada and Jos\u00e9 R. Casar (Universidad Polit\u00e9nica de Madrid)<\/p>\n\n\n\n<h5 class=\"wp-block-heading\"><span style=\"color: #ffc34d\">[Best Demo Award]<\/span><br>[Demo] Building an open-source, open-hardware platform for IoT education for higher education<\/h5>\n\n\n\n<p style=\"margin-top: -15px;line-height: 1.25em\">by Emil Kelh\u00e4l\u00e4, Raisul Islam and Iv\u00e1n S\u00e1nchez (University of Oulu)<\/p>\n\n\n\n<h5 class=\"wp-block-heading\">[Demo] Kubernetes Task-Offloading Framework for Edge-Cloud Continuum in Vehicular Computing<\/h5>\n\n\n\n<p style=\"margin-top: -15px;line-height: 1.25em\">by Alireza Bakhshi Zadi Mahmoodi and Ella Peltonen (University of Oulu)<\/p>\n\n\n\n<h5 class=\"wp-block-heading\">[Demo] Simulation of IIoT-Driven Attack Vectors on 5G Core Networks: Dataset Generation and Machine Learning Based Detection<\/h5>\n\n\n\n<p style=\"margin-top: -15px;line-height: 1.25em\">by Suranga Prasad, Pramod Munaweera, Tharaka Hewa, Yushan Siriwardhana and Mika Ylinattila (University of Oulu)<\/p>\n","protected":false},"excerpt":{"rendered":"<p>Accepted Papers You can download the pre-proceedings here. Conference Papers A Hardware-Aware and Content-Adaptive Super Resolution System for Bandwidth-Limited IoT Video Delivery by X. Duan, Z. Zhou, W. Qiu, Z. &#8230;<\/p>\n","protected":false},"author":12,"featured_media":0,"parent":0,"menu_order":0,"comment_status":"closed","ping_status":"closed","template":"","meta":{"footnotes":""},"class_list":["post-353","page","type-page","status-publish","hentry"],"_links":{"self":[{"href":"https:\/\/iot-conference.org\/iot2024\/wp-json\/wp\/v2\/pages\/353","targetHints":{"allow":["GET"]}}],"collection":[{"href":"https:\/\/iot-conference.org\/iot2024\/wp-json\/wp\/v2\/pages"}],"about":[{"href":"https:\/\/iot-conference.org\/iot2024\/wp-json\/wp\/v2\/types\/page"}],"author":[{"embeddable":true,"href":"https:\/\/iot-conference.org\/iot2024\/wp-json\/wp\/v2\/users\/12"}],"replies":[{"embeddable":true,"href":"https:\/\/iot-conference.org\/iot2024\/wp-json\/wp\/v2\/comments?post=353"}],"version-history":[{"count":27,"href":"https:\/\/iot-conference.org\/iot2024\/wp-json\/wp\/v2\/pages\/353\/revisions"}],"predecessor-version":[{"id":530,"href":"https:\/\/iot-conference.org\/iot2024\/wp-json\/wp\/v2\/pages\/353\/revisions\/530"}],"wp:attachment":[{"href":"https:\/\/iot-conference.org\/iot2024\/wp-json\/wp\/v2\/media?parent=353"}],"curies":[{"name":"wp","href":"https:\/\/api.w.org\/{rel}","templated":true}]}}